of 83189 and 328?
41
Calculate the highest common factor of 3553 and 6919.
187
What is the greatest common divisor of 55 and 31?
1
Calculate the greatest common factor of 165 and 628705.
55
Calculate the highest common factor of 204 and 48672.
12
Calculate the highest common divisor of 321 and 749.
107
Calculate the greatest common factor of 4291 and 1159796.
613
What is the highest common factor of 5462755 and 4540?
1135
Calculate the greatest common factor of 173471 and 41.
41
Calculate the greatest common divisor of 394 and 1000366.
394
Calculate the greatest common factor of 44472 and 204.
204
What is the greatest common divisor of 871 and 3551?
67
What is the greatest common divisor of 11 and 530915?
11
Calculate the highest common factor of 3818 and 1162.
166
Calculate the highest common factor of 12921 and 118.
59
What is the greatest common factor of 334620 and 63?
9
Calculate the greatest common divisor of 14268 and 85116.
492
What is the highest common divisor of 17 and 51459?
17
Calculate the greatest common divisor of 5679 and 1460134.
631
Calculate the greatest common factor of 2660 and 1142470.
1330
What is the greatest common divisor of 4716 and 3528?
36
What is the highest common divisor of 32640 and 72080?
1360
What is the highest common factor of 646 and 382602?
34
Calculate the greatest common divisor of 486 and 2185785.
243
What is the greatest common divisor of 2 and 27752?
2
What is the highest common divisor of 3 and 2988?
3
Calculate the greatest common divisor of 19488 and 23200.
928
What is the greatest common factor of 22626 and 2538?
54
What is the highest common factor of 42 and 351554?
14
What is the highest common divisor of 11225 and 3425?
25
What is the greatest common factor of 9110 and 37351?
911
What is the highest common divisor of 25 and 766975?
25
What is the greatest common divisor of 3602960 and 20?
20
What is the greatest common divisor of 824 and 392121?
103
What is the highest common divisor of 1719 and 81?
9
What is the highest common factor of 248 and 15779?
31
What is the greatest common factor of 23589 and 1818?
9
What is the highest common divisor of 55 and 1486111?
11
Calculate the highest common divisor of 108 and 418662.
54
Calculate the greatest common factor of 7690 and 440.
10
What is the highest common divisor of 128475 and 20?
5
Calculate the greatest common factor of 4834950 and 75.
75
What is the highest common factor of 30481 and 3260?
163
What is the highest common factor of 5983457 and 955?
191
Calculate the greatest common factor of 10282 and 3286.
106
Calculate the greatest common factor of 192 and 205376.
64
What is the highest common factor of 122 and 6542738?
122
What is the greatest common factor of 1534159 and 682?
341
Calculate the highest common factor of 54 and 1368.
18
What is the greatest common factor of 2297024 and 9728?
1216
What is the greatest common divisor of 988825 and 50?
25
What is the greatest common divisor of 2527344 and 720?
144
What is the highest common divisor of 785336 and 1068?
356
Calculate the greatest common factor of 422 and 3571808.
422
Calculate the greatest common factor of 49 and 210357.
49
Calculate the highest common factor of 24 and 265092.
12
What is the highest common divisor of 1448724 and 362?
362
Calculate the greatest common factor of 341005 and 245.
35
Calculate the greatest common factor of 7844 and 7252.
148
Calculate the greatest common divisor of 1575 and 112.
7
Calculate the highest common factor of 529 and 11201.
23
What is the highest common divisor of 376 and 8554?
94
What is the greatest common factor of 1407795 and 30?
15
What is the highest common divisor of 3444 and 660?
12
Calculate the greatest common divisor of 490 and 10486.
98
What is the highest common factor of 42010 and 25?
5
Calculate the highest common factor of 26 and 1343953.
13
What is the greatest common divisor of 73 and 100?
1
Calculate the greatest common divisor of 635 and 21209.
127
Calculate the greatest common divisor of 5 and 683.
1
What is the greatest common factor of 2 and 43762?
2
Calculate the greatest common factor of 204904 and 56.
56
What is the greatest common divisor of 5684 and 1176?
196
Calculate the highest common factor of 476406 and 684.
342
Calculate the greatest common divisor of 125067 and 423.
141
What is the highest common divisor of 504 and 254730?
42
What is the highest common factor of 169 and 479453?
169
What is the highest common divisor of 14209 and 845?
13
Calculate the greatest common divisor of 118 and 3044872.
118
Calculate the highest common divisor of 320 and 903232.
64
What is the highest common factor of 178 and 52955?
89
What is the highest common divisor of 26 and 3581539?
13
What is the greatest common factor of 1750 and 13825?
175
Calculate the highest common factor of 121320 and 990.
90
What is the greatest common factor of 171 and 8973?
9
Calculate the highest common divisor of 1134 and 52758.
54
Calculate the greatest common factor of 364203 and 2303.
329
Calculate the greatest common divisor of 168498 and 46.
46
Calculate the greatest common factor of 672 and 325668.
84
What is the greatest common factor of 3458462 and 826?
826
What is the greatest common factor of 147162 and 6?
6
Calculate the highest common divisor of 20225 and 131058.
809
Calculate the highest common factor of 74 and 58238.
74
Calculate the highest common factor of 216 and 1306152.
216
What is the greatest common divisor of 358137 and 117?
117
Calculate the highest common divisor of 48636 and 1764.
252
What is the highest common factor of 11664 and 15894?
18
What is the highest common divisor of 4140708 and 286?
286
What is the greatest common factor of 132 and 56067?
33
Calculate the highest common factor of 5148 and 1980.
396
What is the greatest common factor of 19705023 and 1989?
1989
Calculate the highest common factor of 1044 and 170868.
348
What is the highest common divisor of 34861 and 1136?
71
What is the greatest common factor of 151568 and 336?
16
What is the highest common divisor of 6785 and 230?
115
Calculate the highest common divisor of 14885 and 455.
65
What is the greatest common factor of 344 and 4608?
8
What is the greatest common factor of 118 and 1050672?
118
What is the highest common factor of 304 and 5358?
38
Calculate the highest common divisor of 2657907 and 21.
21
Calculate the highest common factor of 53325 and 540.
135
What is the greatest common factor of 113079 and 4?
1
What is the highest common divisor of 18474 and 24?
6
What is the greatest common factor of 92 and 1940?
4
Calculate the highest common factor of 44144 and 48.
16
What is the highest common factor of 7 and 827?
1
Calculate the highest common factor of 9 and 13269.
3
What is the greatest common divisor of 96 and 1696?
32
Calculate the highest common factor of 1448 and 644.
4
What is the greatest common factor of 164566 and 1070?
214
Calculate the highest common factor of 275 and 95447.
11
Calculate the highest common factor of 4 and 33296.
4
What is the highest common factor of 3246 and 8?
2
Calculate the highest common factor of 310 and 1814275.
155
Calculate the highest common factor of 1195 and 1769317.
239
What is the highest common factor of 22646 and 1222?
26
Calculate the greatest common divisor of 76224 and 12.
12
What is the highest common factor of 5832 and 32?
8
Calculate the greatest common factor of 10695 and 29760.
465
Calculate the highest common divisor of 405055 and 1304.
163
What is the greatest common divisor of 474 and 252958?
158
Calculate the greatest common divisor of 115596 and 1872.
468
Calculate the highest common divisor of 5929 and 5831.
49
Calculate the highest common factor of 93 and 8510709.
93
What is the greatest common factor of 72 and 258732?
36
Calculate the highest common divisor of 101493 and 6885.
81
Calculate the highest common divisor of 63 and 24689.
7
Calculate the greatest common divisor of 87 and 13071.
3
What is the greatest common factor of 46592 and 7800?
104
What is the highest common divisor of 32 and 8274496?
32
Calculate the highest common factor of 11 and 119669.
11
Calculate the highest common divisor of 1664 and 1768.
104
Calculate the highest common divisor of 1282104 and 18.
18
What